CRAN Package Check Results for Package duckplyr

Last updated on 2024-05-22 04:57:44 CEST.

Flavor Version Tinstall Tcheck Ttotal Status Flags
r-devel-linux-x86_64-debian-clang 0.3.2 11.94 218.62 230.56 OK
r-devel-linux-x86_64-debian-gcc 0.3.2 9.68 150.42 160.10 OK
r-devel-linux-x86_64-fedora-clang 0.4.0 298.51 OK
r-devel-linux-x86_64-fedora-gcc 0.4.0 288.66 OK
r-devel-windows-x86_64 0.4.0 18.00 186.00 204.00 OK
r-patched-linux-x86_64 0.3.2 18.03 203.27 221.30 OK
r-release-linux-x86_64 0.3.2 11.61 205.79 217.40 OK
r-release-macos-arm64 0.4.0 77.00 OK
r-release-macos-x86_64 0.4.0 235.00 NOTE
r-release-windows-x86_64 0.3.2 11.00 161.00 172.00 OK
r-oldrel-macos-arm64 0.4.0 81.00 OK
r-oldrel-macos-x86_64 0.4.0 181.00 OK
r-oldrel-windows-x86_64 0.4.0 19.00 219.00 238.00 OK

Check Details

Version: 0.4.0
Check: package dependencies
Result: NOTE Package suggested but not available for checking: ‘arrow’ Flavor: r-release-macos-x86_64