CRAN Package Check Results for Package eCAR

Last updated on 2022-08-13 04:57:46 CEST.

Flavor Version Tinstall Tcheck Ttotal Status Flags
r-devel-linux-x86_64-debian-clang 0.1.1 5.13 31.93 37.06 NOTE
r-devel-linux-x86_64-debian-gcc 0.1.1 4.13 24.16 28.29 NOTE
r-devel-linux-x86_64-fedora-clang 0.1.1 59.43 OK
r-devel-linux-x86_64-fedora-gcc 0.1.1 59.68 OK
r-devel-windows-x86_64 0.1.1 19.00 63.00 82.00 NOTE
r-patched-linux-x86_64 0.1.1 4.90 32.20 37.10 NOTE
r-release-linux-x86_64 0.1.1 5.22 32.64 37.86 NOTE
r-release-macos-arm64 0.1.1 22.00 NOTE
r-release-macos-x86_64 0.1.1 25.00 NOTE
r-release-windows-x86_64 0.1.1 15.00 65.00 80.00 NOTE
r-oldrel-macos-arm64 0.1.1 23.00 NOTE
r-oldrel-macos-x86_64 0.1.1 33.00 NOTE
r-oldrel-windows-ix86+x86_64 0.1.1 16.00 63.00 79.00 OK

Check Details

Version: 0.1.1
Check: package dependencies
Result: NOTE
    Package suggested but not available for checking: 'INLA'
Flavors: r-devel-linux-x86_64-debian-clang, r-devel-linux-x86_64-debian-gcc, r-devel-windows-x86_64, r-patched-linux-x86_64, r-release-linux-x86_64, r-release-macos-arm64, r-release-macos-x86_64, r-release-windows-x86_64, r-oldrel-macos-arm64, r-oldrel-macos-x86_64