CRAN Package Check Results for Package earthtones

Last updated on 2022-11-27 03:57:46 CET.

Flavor Version Tinstall Tcheck Ttotal Status Flags
r-devel-linux-x86_64-debian-clang 0.1.1 2.03 24.77 26.80 NOTE
r-devel-linux-x86_64-debian-gcc 0.1.1 1.84 19.62 21.46 NOTE
r-devel-linux-x86_64-fedora-clang 0.1.1 44.40 NOTE
r-devel-linux-x86_64-fedora-gcc 0.1.1 42.78 NOTE
r-devel-windows-x86_64 0.1.1 6.00 52.00 58.00 NOTE
r-patched-linux-x86_64 0.1.1 7.75 24.04 31.79 NOTE
r-release-linux-x86_64 0.1.1 1.42 24.10 25.52 NOTE
r-release-macos-arm64 0.1.1 17.00 NOTE
r-release-macos-x86_64 0.1.1 32.00 NOTE
r-release-windows-x86_64 0.1.1 12.00 57.00 69.00 NOTE
r-oldrel-macos-arm64 0.1.1 21.00 NOTE
r-oldrel-macos-x86_64 0.1.1 25.00 NOTE
r-oldrel-windows-ix86+x86_64 0.1.1 8.00 49.00 57.00 NOTE

Check Details

Version: 0.1.1
Check: LazyData
Result: NOTE
     'LazyData' is specified without a 'data' directory
Flavors: r-devel-linux-x86_64-debian-clang, r-devel-linux-x86_64-debian-gcc, r-devel-linux-x86_64-fedora-clang, r-devel-linux-x86_64-fedora-gcc, r-devel-windows-x86_64, r-patched-linux-x86_64, r-release-linux-x86_64, r-release-macos-arm64, r-release-macos-x86_64, r-release-windows-x86_64, r-oldrel-macos-arm64, r-oldrel-macos-x86_64, r-oldrel-windows-ix86+x86_64