CRAN Package Check Results for Package economiccomplexity

Last updated on 2023-01-29 03:55:12 CET.

Flavor Version Tinstall Tcheck Ttotal Status Flags
r-devel-linux-x86_64-debian-clang 1.4.0 10.77 160.74 171.51 OK
r-devel-linux-x86_64-debian-gcc 1.4.0 7.55 125.43 132.98 OK
r-devel-linux-x86_64-fedora-clang 1.4.0 208.70 NOTE
r-devel-linux-x86_64-fedora-gcc 1.4.0 215.37 NOTE
r-devel-windows-x86_64 1.4.0 14.00 203.00 217.00 OK
r-patched-linux-x86_64 1.4.0 10.63 158.74 169.37 OK
r-release-linux-x86_64 1.4.0 7.97 156.49 164.46 OK
r-release-macos-arm64 1.4.0 69.00 NOTE
r-release-macos-x86_64 1.4.0 100.00 NOTE
r-release-windows-x86_64 1.4.0 50.00 206.00 256.00 OK
r-oldrel-macos-arm64 1.4.0 65.00 NOTE
r-oldrel-macos-x86_64 1.4.0 101.00 NOTE
r-oldrel-windows-ix86+x86_64 1.4.0 21.00 201.00 222.00 OK

Check Details

Version: 1.4.0
Check: dependencies in R code
Result: NOTE
    Namespace in Imports field not imported from: ‘Rdpack’
     All declared Imports should be used.
Flavors: r-devel-linux-x86_64-fedora-clang, r-devel-linux-x86_64-fedora-gcc, r-release-macos-arm64, r-release-macos-x86_64, r-oldrel-macos-arm64, r-oldrel-macos-x86_64