CRAN Package Check Results for Package ecp

Last updated on 2023-01-30 04:52:19 CET.

Flavor Version Tinstall Tcheck Ttotal Status Flags
r-devel-linux-x86_64-debian-clang 3.1.3 42.80 48.17 90.97 OK
r-devel-linux-x86_64-debian-gcc 3.1.3 32.57 37.71 70.28 NOTE
r-devel-linux-x86_64-fedora-clang 3.1.3 128.08 OK
r-devel-linux-x86_64-fedora-gcc 3.1.3 135.48 NOTE
r-devel-windows-x86_64 3.1.3 49.00 113.00 162.00 NOTE
r-patched-linux-x86_64 3.1.3 35.14 47.59 82.73 OK
r-release-linux-x86_64 3.1.3 33.46 48.42 81.88 OK
r-release-macos-arm64 3.1.3 34.00 OK
r-release-macos-x86_64 3.1.3 46.00 OK
r-release-windows-x86_64 3.1.3 45.00 102.00 147.00 OK
r-oldrel-macos-arm64 3.1.3 39.00 OK
r-oldrel-macos-x86_64 3.1.3 66.00 OK
r-oldrel-windows-ix86+x86_64 3.1.3 93.00 102.00 195.00 OK

Check Details

Version: 3.1.3
Check: C++ specification
Result: NOTE
     Specified C++11: please update to current default of C++17
Flavors: r-devel-linux-x86_64-debian-gcc, r-devel-linux-x86_64-fedora-gcc, r-devel-windows-x86_64