Last updated on 2023-01-30 04:52:19 CET.
Flavor | Version | Tinstall | Tcheck | Ttotal | Status | Flags |
---|---|---|---|---|---|---|
r-devel-linux-x86_64-debian-clang | 0.1.1 | 41.37 | 60.19 | 101.56 | NOTE | |
r-devel-linux-x86_64-debian-gcc | 0.1.1 | 35.81 | 45.02 | 80.83 | NOTE | |
r-devel-linux-x86_64-fedora-clang | 0.1.1 | 143.47 | NOTE | |||
r-devel-linux-x86_64-fedora-gcc | 0.1.1 | 137.84 | NOTE | |||
r-devel-windows-x86_64 | 0.1.1 | 52.00 | 117.00 | 169.00 | NOTE | |
r-patched-linux-x86_64 | 0.1.1 | 33.54 | 56.62 | 90.16 | NOTE | |
r-release-linux-x86_64 | 0.1.1 | 35.74 | 57.99 | 93.73 | NOTE | |
r-release-macos-arm64 | 0.1.1 | 40.00 | NOTE | |||
r-release-macos-x86_64 | 0.1.1 | 65.00 | NOTE | |||
r-release-windows-x86_64 | 0.1.1 | 53.00 | 112.00 | 165.00 | NOTE | |
r-oldrel-macos-arm64 | 0.1.1 | 44.00 | NOTE | |||
r-oldrel-macos-x86_64 | 0.1.1 | 65.00 | NOTE | |||
r-oldrel-windows-ix86+x86_64 | 0.1.1 | 104.00 | 118.00 | 222.00 | NOTE |
Version: 0.1.1
Check: LazyData
Result: NOTE
'LazyData' is specified without a 'data' directory
Flavors: r-devel-linux-x86_64-debian-clang, r-devel-linux-x86_64-debian-gcc, r-devel-linux-x86_64-fedora-clang, r-devel-linux-x86_64-fedora-gcc, r-devel-windows-x86_64, r-patched-linux-x86_64, r-release-linux-x86_64, r-release-macos-arm64, r-release-macos-x86_64, r-release-windows-x86_64, r-oldrel-macos-arm64, r-oldrel-macos-x86_64, r-oldrel-windows-ix86+x86_64
Version: 0.1.1
Check: C++ specification
Result: NOTE
Specified C++11: please update to current default of C++17
Flavors: r-devel-linux-x86_64-debian-gcc, r-devel-linux-x86_64-fedora-gcc, r-devel-windows-x86_64