CRAN Package Check Results for Package einsum

Last updated on 2022-12-02 04:00:08 CET.

Flavor Version Tinstall Tcheck Ttotal Status Flags
r-devel-linux-x86_64-debian-clang 0.1.0 18.34 173.97 192.31 OK
r-devel-linux-x86_64-debian-gcc 0.1.0 15.40 120.76 136.16 OK
r-devel-linux-x86_64-fedora-clang 0.1.0 274.45 NOTE
r-devel-linux-x86_64-fedora-gcc 0.1.0 228.73 NOTE
r-devel-windows-x86_64 0.1.0 25.00 215.00 240.00 OK
r-patched-linux-x86_64 0.1.0 16.04 147.46 163.50 OK
r-release-linux-x86_64 0.1.0 15.84 151.19 167.03 OK
r-release-macos-arm64 0.1.0 63.00 NOTE
r-release-macos-x86_64 0.1.0 74.00 NOTE
r-release-windows-x86_64 0.1.0 22.00 217.00 239.00 OK
r-oldrel-macos-arm64 0.1.0 71.00 NOTE
r-oldrel-macos-x86_64 0.1.0 110.00 NOTE
r-oldrel-windows-ix86+x86_64 0.1.0 50.00 341.00 391.00 OK

Check Details

Version: 0.1.0
Check: dependencies in R code
Result: NOTE
    Namespace in Imports field not imported from: ‘mathjaxr’
     All declared Imports should be used.
Flavors: r-devel-linux-x86_64-fedora-clang, r-devel-linux-x86_64-fedora-gcc, r-release-macos-arm64, r-release-macos-x86_64, r-oldrel-macos-arm64, r-oldrel-macos-x86_64