CRAN Package Check Results for Package ellipticalsymmetry

Last updated on 2022-12-01 04:00:31 CET.

Flavor Version Tinstall Tcheck Ttotal Status Flags
r-devel-linux-x86_64-debian-clang 0.1.2 3.65 37.34 40.99 OK
r-devel-linux-x86_64-debian-gcc 0.1.2 2.46 28.69 31.15 OK
r-devel-linux-x86_64-fedora-clang 0.1.2 61.90 NOTE
r-devel-linux-x86_64-fedora-gcc 0.1.2 60.13 NOTE
r-devel-windows-x86_64 0.1.2 27.00 69.00 96.00 OK
r-patched-linux-x86_64 0.1.2 3.40 34.83 38.23 OK
r-release-linux-x86_64 0.1.2 3.39 34.53 37.92 OK
r-release-macos-arm64 0.1.2 18.00 NOTE
r-release-macos-x86_64 0.1.2 34.00 NOTE
r-release-windows-x86_64 0.1.2 36.00 66.00 102.00 OK
r-oldrel-macos-arm64 0.1.2 27.00 NOTE
r-oldrel-macos-x86_64 0.1.2 29.00 NOTE
r-oldrel-windows-ix86+x86_64 0.1.2 9.00 62.00 71.00 OK

Check Details

Version: 0.1.2
Check: dependencies in R code
Result: NOTE
    Namespace in Imports field not imported from: ‘datasets’
     All declared Imports should be used.
Flavors: r-devel-linux-x86_64-fedora-clang, r-devel-linux-x86_64-fedora-gcc, r-release-macos-arm64, r-release-macos-x86_64, r-oldrel-macos-arm64, r-oldrel-macos-x86_64