Last updated on 2022-08-07 04:53:36 CEST.
Flavor | Version | Tinstall | Tcheck | Ttotal | Status | Flags |
---|---|---|---|---|---|---|
r-devel-linux-x86_64-debian-clang | 1.0.0 | 16.95 | 252.04 | 268.99 | OK | |
r-devel-linux-x86_64-debian-gcc | 1.0.0 | 14.53 | 190.41 | 204.94 | OK | |
r-devel-linux-x86_64-fedora-clang | 1.0.0 | 334.82 | NOTE | |||
r-devel-linux-x86_64-fedora-gcc | 1.0.0 | 321.28 | OK | |||
r-devel-windows-x86_64 | 1.0.0 | 42.00 | 288.00 | 330.00 | OK | |
r-patched-linux-x86_64 | 1.0.0 | 23.26 | 236.38 | 259.64 | OK | |
r-release-linux-x86_64 | 1.0.0 | 17.49 | 242.59 | 260.08 | OK | |
r-release-macos-arm64 | 1.0.0 | 103.00 | OK | |||
r-release-macos-x86_64 | 1.0.0 | 128.00 | OK | |||
r-release-windows-x86_64 | 1.0.0 | 32.00 | 283.00 | 315.00 | OK | |
r-oldrel-macos-arm64 | 1.0.0 | 91.00 | OK | |||
r-oldrel-macos-x86_64 | 1.0.0 | 123.00 | OK | |||
r-oldrel-windows-ix86+x86_64 | 1.0.0 | 49.00 | 294.00 | 343.00 | OK |
Version: 1.0.0
Check: Rd cross-references
Result: NOTE
Undeclared package ‘textrecipes’ in Rd xrefs
Flavor: r-devel-linux-x86_64-fedora-clang