CRAN Package Check Results for Package emld

Last updated on 2022-10-05 04:50:51 CEST.

Flavor Version Tinstall Tcheck Ttotal Status Flags
r-devel-linux-x86_64-debian-clang 0.5.1 4.51 86.84 91.35 NOTE
r-devel-linux-x86_64-debian-gcc 0.5.1 3.43 63.01 66.44 NOTE
r-devel-linux-x86_64-fedora-clang 0.5.1 121.20 NOTE
r-devel-linux-x86_64-fedora-gcc 0.5.1 117.00 NOTE
r-devel-windows-x86_64 0.5.1 86.00 158.00 244.00 NOTE
r-patched-linux-x86_64 0.5.1 4.16 80.66 84.82 NOTE
r-release-linux-x86_64 0.5.1 4.16 80.34 84.50 NOTE
r-release-macos-arm64 0.5.1 64.00 NOTE
r-release-macos-x86_64 0.5.1 82.00 NOTE
r-release-windows-x86_64 0.5.1 55.00 160.00 215.00 NOTE
r-oldrel-macos-arm64 0.5.1 71.00 NOTE
r-oldrel-macos-x86_64 0.5.1 93.00 NOTE
r-oldrel-windows-ix86+x86_64 0.5.1 15.00 142.00 157.00 NOTE

Check Details

Version: 0.5.1
Check: LazyData
Result: NOTE
     'LazyData' is specified without a 'data' directory
Flavors: r-devel-linux-x86_64-debian-clang, r-devel-linux-x86_64-debian-gcc, r-devel-linux-x86_64-fedora-clang, r-devel-linux-x86_64-fedora-gcc, r-devel-windows-x86_64, r-patched-linux-x86_64, r-release-linux-x86_64, r-release-macos-arm64, r-release-macos-x86_64, r-release-windows-x86_64, r-oldrel-macos-arm64, r-oldrel-macos-x86_64, r-oldrel-windows-ix86+x86_64