CRAN Package Check Results for Package emoji

Last updated on 2022-08-07 04:53:36 CEST.

Flavor Version Tinstall Tcheck Ttotal Status Flags
r-devel-linux-x86_64-debian-clang 0.2.0 2.20 31.10 33.30 OK
r-devel-linux-x86_64-debian-gcc 0.2.0 2.40 23.90 26.30 OK
r-devel-linux-x86_64-fedora-clang 0.2.0 53.23 NOTE
r-devel-linux-x86_64-fedora-gcc 0.2.0 50.40 NOTE
r-devel-windows-x86_64 0.2.0 15.00 57.00 72.00 OK
r-patched-linux-x86_64 0.2.0 3.43 29.72 33.15 OK
r-release-linux-x86_64 0.2.0 2.62 29.32 31.94 OK
r-release-macos-arm64 0.2.0 17.00 NOTE
r-release-macos-x86_64 0.2.0 27.00 NOTE
r-release-windows-x86_64 0.2.0 18.00 55.00 73.00 OK
r-oldrel-macos-arm64 0.2.0 18.00 NOTE
r-oldrel-macos-x86_64 0.2.0 26.00 NOTE
r-oldrel-windows-ix86+x86_64 0.2.0 7.00 48.00 55.00 OK

Check Details

Version: 0.2.0
Check: data for non-ASCII characters
Result: NOTE
     Note: found 9451 marked UTF-8 strings
Flavors: r-devel-linux-x86_64-fedora-clang, r-devel-linux-x86_64-fedora-gcc, r-release-macos-arm64, r-release-macos-x86_64, r-oldrel-macos-arm64, r-oldrel-macos-x86_64