CRAN Package Check Results for Package emojifont

Last updated on 2023-01-30 04:52:19 CET.

Flavor Version Tinstall Tcheck Ttotal Status Flags
r-devel-linux-x86_64-debian-clang 0.5.5 6.08 58.01 64.09 OK
r-devel-linux-x86_64-debian-gcc 0.5.5 5.08 44.20 49.28 OK
r-devel-linux-x86_64-fedora-clang 0.5.5 85.34 NOTE
r-devel-linux-x86_64-fedora-gcc 0.5.5 90.62 OK
r-devel-windows-x86_64 0.5.5 31.00 98.00 129.00 NOTE
r-patched-linux-x86_64 0.5.5 6.08 57.53 63.61 OK
r-release-linux-x86_64 0.5.5 5.39 58.29 63.68 OK
r-release-macos-arm64 0.5.5 26.00 NOTE
r-release-macos-x86_64 0.5.5 42.00 NOTE
r-release-windows-x86_64 0.5.5 27.00 104.00 131.00 NOTE
r-oldrel-macos-arm64 0.5.5 39.00 NOTE
r-oldrel-macos-x86_64 0.5.5 61.00 NOTE
r-oldrel-windows-ix86+x86_64 0.5.5 17.00 83.00 100.00 NOTE

Check Details

Version: 0.5.5
Check: installed package size
Result: NOTE
     installed size is 7.0Mb
     sub-directories of 1Mb or more:
     emoji_fonts 6.5Mb
Flavors: r-devel-linux-x86_64-fedora-clang, r-devel-windows-x86_64, r-release-macos-arm64, r-release-macos-x86_64, r-release-windows-x86_64, r-oldrel-macos-arm64, r-oldrel-macos-x86_64, r-oldrel-windows-ix86+x86_64