Last updated on 2022-08-13 04:57:46 CEST.
Flavor | Version | Tinstall | Tcheck | Ttotal | Status | Flags |
---|---|---|---|---|---|---|
r-devel-linux-x86_64-debian-clang | 1.3.2 | 10.95 | 90.87 | 101.82 | OK | |
r-devel-linux-x86_64-debian-gcc | 1.3.2 | 7.36 | 68.18 | 75.54 | OK | |
r-devel-linux-x86_64-fedora-clang | 1.3.2 | 132.50 | NOTE | |||
r-devel-linux-x86_64-fedora-gcc | 1.3.2 | 132.30 | OK | |||
r-devel-windows-x86_64 | 1.3.2 | 18.00 | 107.00 | 125.00 | OK | |
r-patched-linux-x86_64 | 1.3.2 | 9.76 | 90.80 | 100.56 | OK | |
r-release-linux-x86_64 | 1.3.2 | 7.98 | 86.52 | 94.50 | OK | |
r-release-macos-arm64 | 1.3.2 | 37.00 | OK | |||
r-release-macos-x86_64 | 1.3.2 | 49.00 | OK | |||
r-release-windows-x86_64 | 1.3.2 | 20.00 | 108.00 | 128.00 | OK | |
r-oldrel-macos-arm64 | 1.3.2 | 41.00 | OK | |||
r-oldrel-macos-x86_64 | 1.3.2 | 67.00 | OK | |||
r-oldrel-windows-ix86+x86_64 | 1.3.2 | 18.00 | 106.00 | 124.00 | OK |
Version: 1.3.2
Check: Rd cross-references
Result: NOTE
Undeclared packages ‘Kendall’, ‘geoR’ in Rd xrefs
Flavor: r-devel-linux-x86_64-fedora-clang