CRAN Package Check Results for Package epiflows

Last updated on 2022-11-29 03:56:10 CET.

Flavor Version Tinstall Tcheck Ttotal Status Flags
r-devel-linux-x86_64-debian-clang 0.2.0 5.69 96.44 102.13 OK
r-devel-linux-x86_64-debian-gcc 0.2.0 4.10 70.05 74.15 OK
r-devel-linux-x86_64-fedora-clang 0.2.0 134.66 NOTE
r-devel-linux-x86_64-fedora-gcc 0.2.0 136.89 NOTE
r-devel-windows-x86_64 0.2.0 22.00 135.00 157.00 OK
r-patched-linux-x86_64 0.2.0 7.95 88.91 96.86 OK
r-release-linux-x86_64 0.2.0 4.01 86.10 90.11 OK
r-release-macos-arm64 0.2.0 37.00 NOTE
r-release-macos-x86_64 0.2.0 74.00 NOTE
r-release-windows-x86_64 0.2.0 31.00 134.00 165.00 OK
r-oldrel-macos-arm64 0.2.0 92.00 NOTE
r-oldrel-macos-x86_64 0.2.0 62.00 NOTE
r-oldrel-windows-ix86+x86_64 0.2.0 12.00 123.00 135.00 OK

Additional issues

donttest

Check Details

Version: 0.2.0
Check: dependencies in R code
Result: NOTE
    Namespace in Imports field not imported from: ‘htmlwidgets’
     All declared Imports should be used.
Flavors: r-devel-linux-x86_64-fedora-clang, r-devel-linux-x86_64-fedora-gcc, r-release-macos-arm64, r-release-macos-x86_64, r-oldrel-macos-arm64, r-oldrel-macos-x86_64