Last updated on 2023-10-02 05:06:36 CEST.
Flavor | Version | Tinstall | Tcheck | Ttotal | Status | Flags |
---|---|---|---|---|---|---|
r-devel-linux-x86_64-debian-clang | 1.0-9 | 17.26 | 100.91 | 118.17 | OK | |
r-devel-linux-x86_64-debian-gcc | 1.0-9 | 13.63 | 73.14 | 86.77 | OK | |
r-devel-linux-x86_64-fedora-clang | 1.0-9 | 140.28 | OK | |||
r-devel-linux-x86_64-fedora-gcc | 1.0-9 | 141.44 | OK | |||
r-devel-windows-x86_64 | 1.0-9 | 16.00 | 102.00 | 118.00 | OK | |
r-patched-linux-x86_64 | 1.0-9 | 15.53 | 93.75 | 109.28 | OK | |
r-release-linux-x86_64 | 1.0-9 | 16.13 | 94.93 | 111.06 | OK | |
r-release-macos-arm64 | 1.0-9 | 44.00 | OK | |||
r-release-macos-x86_64 | 1.0-9 | 64.00 | NOTE | |||
r-release-windows-x86_64 | 1.0-9 | 21.00 | 119.00 | 140.00 | OK | |
r-oldrel-macos-arm64 | 1.0-9 | 46.00 | OK | |||
r-oldrel-macos-x86_64 | 1.0-9 | 64.00 | OK | |||
r-oldrel-windows-x86_64 | 1.0-9 | 22.00 | 115.00 | 137.00 | OK |
Version: 1.0-9
Check: package dependencies
Result: NOTE
Packages suggested but not available for checking:
'fields', 'lme4', 'rworldmap', 'statnet'
Flavor: r-release-macos-x86_64