CRAN Package Check Results for Package equivUMP

Last updated on 2023-02-01 03:54:12 CET.

Flavor Version Tinstall Tcheck Ttotal Status Flags
r-devel-linux-x86_64-debian-clang 0.1.1 1.77 22.00 23.77 NOTE
r-devel-linux-x86_64-debian-gcc 0.1.1 1.22 17.64 18.86 NOTE
r-devel-linux-x86_64-fedora-clang 0.1.1 31.72 NOTE
r-devel-linux-x86_64-fedora-gcc 0.1.1 30.55 NOTE
r-devel-windows-x86_64 0.1.1 11.00 54.00 65.00 NOTE
r-patched-linux-x86_64 0.1.1 1.50 21.99 23.49 NOTE
r-release-linux-x86_64 0.1.1 1.71 22.48 24.19 NOTE
r-release-macos-arm64 0.1.1 14.00 NOTE
r-release-macos-x86_64 0.1.1 22.00 NOTE
r-release-windows-x86_64 0.1.1 5.00 49.00 54.00 NOTE
r-oldrel-macos-arm64 0.1.1 21.00 NOTE
r-oldrel-macos-x86_64 0.1.1 26.00 NOTE
r-oldrel-windows-ix86+x86_64 0.1.1 4.00 26.00 30.00 NOTE

Check Details

Version: 0.1.1
Check: LazyData
Result: NOTE
     'LazyData' is specified without a 'data' directory
Flavors: r-devel-linux-x86_64-debian-clang, r-devel-linux-x86_64-debian-gcc, r-devel-linux-x86_64-fedora-clang, r-devel-linux-x86_64-fedora-gcc, r-devel-windows-x86_64, r-patched-linux-x86_64, r-release-linux-x86_64, r-release-macos-arm64, r-release-macos-x86_64, r-release-windows-x86_64, r-oldrel-macos-arm64, r-oldrel-macos-x86_64, r-oldrel-windows-ix86+x86_64