CRAN Package Check Results for Package ergMargins

Last updated on 2022-08-08 04:50:38 CEST.

Flavor Version Tinstall Tcheck Ttotal Status Flags
r-devel-linux-x86_64-debian-clang 0.1.3 3.84 41.16 45.00 OK
r-devel-linux-x86_64-debian-gcc 0.1.3 4.18 31.52 35.70 OK
r-devel-linux-x86_64-fedora-clang 0.1.3 70.82 NOTE
r-devel-linux-x86_64-fedora-gcc 0.1.3 66.14 NOTE
r-devel-windows-x86_64 0.1.3 19.00 64.00 83.00 OK
r-patched-linux-x86_64 0.1.3 4.69 39.93 44.62 OK
r-release-linux-x86_64 0.1.3 OK
r-release-macos-arm64 0.1.3 20.00 NOTE
r-release-macos-x86_64 0.1.3 27.00 NOTE
r-release-windows-x86_64 0.1.3 15.00 66.00 81.00 OK
r-oldrel-macos-arm64 0.1.3 24.00 NOTE
r-oldrel-macos-x86_64 0.1.3 28.00 NOTE
r-oldrel-windows-ix86+x86_64 0.1.3 11.00 56.00 67.00 OK

Check Details

Version: 0.1.3
Check: dependencies in R code
Result: NOTE
    Namespaces in Imports field not imported from:
     ‘methods’ ‘sna’ ‘statnet.common’
     All declared Imports should be used.
Flavors: r-devel-linux-x86_64-fedora-clang, r-devel-linux-x86_64-fedora-gcc, r-release-macos-arm64, r-release-macos-x86_64, r-oldrel-macos-arm64, r-oldrel-macos-x86_64

Version: 0.1.3
Check: Rd cross-references
Result: NOTE
    Undeclared package ‘margins’ in Rd xrefs
Flavor: r-devel-linux-x86_64-fedora-clang