Last updated on 2023-12-02 03:57:39 CET.
Flavor | Version | Tinstall | Tcheck | Ttotal | Status | Flags |
---|---|---|---|---|---|---|
r-devel-linux-x86_64-debian-clang | 1.1.0 | 4.05 | 33.34 | 37.39 | OK | |
r-devel-linux-x86_64-debian-gcc | 1.1.0 | 3.06 | 25.04 | 28.10 | OK | |
r-devel-linux-x86_64-fedora-clang | 1.1.0 | 49.03 | NOTE | |||
r-devel-linux-x86_64-fedora-gcc | 1.1.0 | 45.30 | NOTE | |||
r-devel-windows-x86_64 | 1.1.0 | 4.00 | 48.00 | 52.00 | OK | |
r-patched-linux-x86_64 | 1.1.0 | 3.73 | 32.35 | 36.08 | OK | |
r-release-linux-x86_64 | 1.1.0 | 3.74 | 32.37 | 36.11 | OK | |
r-release-macos-arm64 | 1.1.0 | 21.00 | OK | |||
r-release-macos-x86_64 | 1.1.0 | 29.00 | OK | |||
r-release-windows-x86_64 | 1.1.0 | 5.00 | 52.00 | 57.00 | OK | |
r-oldrel-macos-arm64 | 1.1.0 | 20.00 | OK | |||
r-oldrel-macos-x86_64 | 1.1.0 | 25.00 | NOTE | |||
r-oldrel-windows-x86_64 | 1.1.0 | 5.00 | 54.00 | 59.00 | OK |
Version: 1.1.0
Check: dependencies in R code
Result: NOTE
Namespace in Imports field not imported from: ‘signal’
All declared Imports should be used.
Flavors: r-devel-linux-x86_64-fedora-clang, r-devel-linux-x86_64-fedora-gcc, r-oldrel-macos-x86_64