CRAN Package Check Results for Package esc

Last updated on 2023-02-06 03:54:29 CET.

Flavor Version Tinstall Tcheck Ttotal Status Flags
r-devel-linux-x86_64-debian-clang 0.5.1 2.71 32.44 35.15 OK
r-devel-linux-x86_64-debian-gcc 0.5.1 2.52 24.40 26.92 OK
r-devel-linux-x86_64-fedora-clang 0.5.1 45.78 NOTE
r-devel-linux-x86_64-fedora-gcc 0.5.1 43.01 OK
r-devel-windows-x86_64 0.5.1 18.00 67.00 85.00 OK
r-patched-linux-x86_64 0.5.1 4.71 29.48 34.19 OK
r-release-linux-x86_64 0.5.1 3.57 28.92 32.49 OK
r-release-macos-arm64 0.5.1 17.00 OK
r-release-macos-x86_64 0.5.1 22.00 OK
r-release-windows-x86_64 0.5.1 9.00 54.00 63.00 OK
r-oldrel-macos-arm64 0.5.1 20.00 OK
r-oldrel-macos-x86_64 0.5.1 29.00 OK
r-oldrel-windows-ix86+x86_64 0.5.1 7.00 34.00 41.00 OK

Check Details

Version: 0.5.1
Check: Rd cross-references
Result: NOTE
    Undeclared package ‘metafor’ in Rd xrefs
Flavor: r-devel-linux-x86_64-fedora-clang