CRAN Package Check Results for Package essentials

Last updated on 2023-02-01 03:54:12 CET.

Flavor Version Tinstall Tcheck Ttotal Status Flags
r-devel-linux-x86_64-debian-clang 0.1.0 2.79 24.17 26.96 NOTE
r-devel-linux-x86_64-debian-gcc 0.1.0 2.15 18.99 21.14 NOTE
r-devel-linux-x86_64-fedora-clang 0.1.0 35.02 NOTE
r-devel-linux-x86_64-fedora-gcc 0.1.0 33.94 NOTE
r-devel-windows-x86_64 0.1.0 21.00 66.00 87.00 NOTE
r-patched-linux-x86_64 0.1.0 2.90 24.30 27.20 NOTE
r-release-linux-x86_64 0.1.0 2.75 24.00 26.75 NOTE
r-release-macos-arm64 0.1.0 16.00 NOTE
r-release-macos-x86_64 0.1.0 25.00 NOTE
r-release-windows-x86_64 0.1.0 8.00 51.00 59.00 NOTE
r-oldrel-macos-arm64 0.1.0 21.00 NOTE
r-oldrel-macos-x86_64 0.1.0 29.00 NOTE
r-oldrel-windows-ix86+x86_64 0.1.0 9.00 33.00 42.00 NOTE

Check Details

Version: 0.1.0
Check: LazyData
Result: NOTE
     'LazyData' is specified without a 'data' directory
Flavors: r-devel-linux-x86_64-debian-clang, r-devel-linux-x86_64-debian-gcc, r-devel-linux-x86_64-fedora-clang, r-devel-linux-x86_64-fedora-gcc, r-devel-windows-x86_64, r-patched-linux-x86_64, r-release-linux-x86_64, r-release-macos-arm64, r-release-macos-x86_64, r-release-windows-x86_64, r-oldrel-macos-arm64, r-oldrel-macos-x86_64, r-oldrel-windows-ix86+x86_64