CRAN Package Check Results for Package ethnobotanyR

Last updated on 2022-08-10 04:54:00 CEST.

Flavor Version Tinstall Tcheck Ttotal Status Flags
r-devel-linux-x86_64-debian-clang 0.1.8 7.33 102.49 109.82 NOTE
r-devel-linux-x86_64-debian-gcc 0.1.8 5.35 75.32 80.67 NOTE
r-devel-linux-x86_64-fedora-clang 0.1.8 143.90 NOTE
r-devel-linux-x86_64-fedora-gcc 0.1.8 136.73 NOTE
r-devel-windows-x86_64 0.1.8 34.00 131.00 165.00 NOTE
r-patched-linux-x86_64 0.1.8 8.27 97.13 105.40 OK
r-release-linux-x86_64 0.1.8 OK
r-release-macos-arm64 0.1.8 44.00 OK
r-release-macos-x86_64 0.1.8 80.00 OK
r-release-windows-x86_64 0.1.8 39.00 130.00 169.00 OK
r-oldrel-macos-arm64 0.1.8 53.00 OK
r-oldrel-macos-x86_64 0.1.8 72.00 OK
r-oldrel-windows-ix86+x86_64 0.1.8 19.00 120.00 139.00 OK

Check Details

Version: 0.1.8
Check: package subdirectories
Result: NOTE
    Problems with news in 'NEWS.md':
    No news entries found.
Flavors: r-devel-linux-x86_64-debian-clang, r-devel-linux-x86_64-debian-gcc, r-devel-linux-x86_64-fedora-clang, r-devel-linux-x86_64-fedora-gcc, r-devel-windows-x86_64