Last updated on 2022-08-09 04:52:19 CEST.
Flavor | Version | Tinstall | Tcheck | Ttotal | Status | Flags |
---|---|---|---|---|---|---|
r-devel-linux-x86_64-debian-clang | 0.52 | 58.17 | 230.02 | 288.19 | OK | |
r-devel-linux-x86_64-debian-gcc | 0.52 | 43.86 | 168.31 | 212.17 | OK | |
r-devel-linux-x86_64-fedora-clang | 0.52 | 376.88 | NOTE | |||
r-devel-linux-x86_64-fedora-gcc | 0.52 | 352.82 | OK | |||
r-devel-windows-x86_64 | 0.52 | 71.00 | 298.00 | 369.00 | OK | |
r-patched-linux-x86_64 | 0.52 | 50.63 | 218.20 | 268.83 | OK | |
r-release-linux-x86_64 | 0.52 | OK | ||||
r-release-macos-arm64 | 0.52 | 91.00 | NOTE | |||
r-release-macos-x86_64 | 0.52 | 181.00 | NOTE | |||
r-release-windows-x86_64 | 0.52 | 82.00 | 288.00 | 370.00 | OK | |
r-oldrel-macos-arm64 | 0.52 | 89.00 | NOTE | |||
r-oldrel-macos-x86_64 | 0.52 | 116.00 | NOTE | |||
r-oldrel-windows-ix86+x86_64 | 0.52 | 160.00 | 364.00 | 524.00 | OK |
Version: 0.52
Check: installed package size
Result: NOTE
installed size is 8.1Mb
sub-directories of 1Mb or more:
libs 6.6Mb
Flavors: r-devel-linux-x86_64-fedora-clang, r-release-macos-arm64, r-release-macos-x86_64, r-oldrel-macos-arm64, r-oldrel-macos-x86_64
Version: 0.52
Check: Rd cross-references
Result: NOTE
Undeclared package ‘quantreg’ in Rd xrefs
Flavor: r-devel-linux-x86_64-fedora-clang