CRAN Package Check Results for Package facerec

Last updated on 2022-08-15 04:50:14 CEST.

Flavor Version Tinstall Tcheck Ttotal Status Flags
r-devel-linux-x86_64-debian-clang 0.1.0 5.67 54.63 60.30 NOTE
r-devel-linux-x86_64-debian-gcc 0.1.0 3.51 40.53 44.04 NOTE
r-devel-linux-x86_64-fedora-clang 0.1.0 84.70 NOTE
r-devel-linux-x86_64-fedora-gcc 0.1.0 78.19 NOTE
r-devel-windows-x86_64 0.1.0 15.00 79.00 94.00 NOTE
r-patched-linux-x86_64 0.1.0 5.21 50.84 56.05 NOTE
r-release-linux-x86_64 0.1.0 6.03 50.74 56.77 NOTE
r-release-macos-arm64 0.1.0 25.00 NOTE
r-release-macos-x86_64 0.1.0 49.00 NOTE
r-release-windows-x86_64 0.1.0 18.00 78.00 96.00 NOTE
r-oldrel-macos-arm64 0.1.0 30.00 NOTE
r-oldrel-macos-x86_64 0.1.0 38.00 NOTE
r-oldrel-windows-ix86+x86_64 0.1.0 15.00 72.00 87.00 NOTE

Check Details

Version: 0.1.0
Check: LazyData
Result: NOTE
     'LazyData' is specified without a 'data' directory
Flavors: r-devel-linux-x86_64-debian-clang, r-devel-linux-x86_64-debian-gcc, r-devel-linux-x86_64-fedora-clang, r-devel-linux-x86_64-fedora-gcc, r-devel-windows-x86_64, r-patched-linux-x86_64, r-release-linux-x86_64, r-release-macos-arm64, r-release-macos-x86_64, r-release-windows-x86_64, r-oldrel-macos-arm64, r-oldrel-macos-x86_64, r-oldrel-windows-ix86+x86_64