CRAN Package Check Results for Package factset.analyticsapi.engines

Last updated on 2022-12-01 04:00:31 CET.

Flavor Version Tinstall Tcheck Ttotal Status Flags
r-devel-linux-x86_64-debian-clang 3.0.1 47.67 45.59 93.26 NOTE
r-devel-linux-x86_64-debian-gcc 3.0.1 32.23 35.66 67.89 NOTE
r-devel-linux-x86_64-fedora-clang 3.0.1 122.60 NOTE
r-devel-linux-x86_64-fedora-gcc 3.0.1 126.51 NOTE
r-devel-windows-x86_64 3.0.1 143.00 85.00 228.00 NOTE
r-patched-linux-x86_64 3.0.1 40.87 35.59 76.46 NOTE
r-release-linux-x86_64 3.0.1 38.39 35.04 73.43 NOTE
r-release-macos-arm64 3.0.1 30.00 NOTE
r-release-macos-x86_64 3.0.1 40.00 NOTE
r-release-windows-x86_64 3.0.1 474.00 70.00 544.00 NOTE
r-oldrel-macos-arm64 3.0.1 36.00 NOTE
r-oldrel-macos-x86_64 3.0.1 45.00 NOTE
r-oldrel-windows-ix86+x86_64 3.0.1 60.00 57.00 117.00 NOTE

Check Details

Version: 3.0.1
Check: LazyData
Result: NOTE
     'LazyData' is specified without a 'data' directory
Flavors: r-devel-linux-x86_64-debian-clang, r-devel-linux-x86_64-debian-gcc, r-devel-linux-x86_64-fedora-clang, r-devel-linux-x86_64-fedora-gcc, r-devel-windows-x86_64, r-patched-linux-x86_64, r-release-linux-x86_64, r-release-macos-arm64, r-release-macos-x86_64, r-release-windows-x86_64, r-oldrel-macos-arm64, r-oldrel-macos-x86_64, r-oldrel-windows-ix86+x86_64

Version: 3.0.1
Check: dependencies in R code
Result: NOTE
    Namespaces in Imports field not imported from:
     ‘R6’ ‘caTools’ ‘httr’ ‘jsonlite’ ‘rlang’
     All declared Imports should be used.
Flavors: r-devel-linux-x86_64-fedora-clang, r-devel-linux-x86_64-fedora-gcc, r-release-macos-arm64, r-release-macos-x86_64, r-oldrel-macos-arm64, r-oldrel-macos-x86_64