CRAN Package Check Results for Package fasterize

Last updated on 2022-10-07 04:55:50 CEST.

Flavor Version Tinstall Tcheck Ttotal Status Flags
r-devel-linux-x86_64-debian-clang 1.0.3 119.84 273.82 393.66 WARN
r-devel-linux-x86_64-debian-gcc 1.0.3 101.70 202.63 304.33 NOTE
r-devel-linux-x86_64-fedora-clang 1.0.3 524.76 WARN
r-devel-linux-x86_64-fedora-gcc 1.0.3 520.89 NOTE
r-devel-windows-x86_64 1.0.3 93.00 280.00 373.00 NOTE
r-patched-linux-x86_64 1.0.3 109.54 261.85 371.39 NOTE
r-release-linux-x86_64 1.0.3 103.11 264.57 367.68 NOTE
r-release-macos-arm64 1.0.3 94.00 NOTE
r-release-macos-x86_64 1.0.3 135.00 NOTE
r-release-windows-x86_64 1.0.3 93.00 287.00 380.00 NOTE
r-oldrel-macos-arm64 1.0.3 64.00 NOTE
r-oldrel-macos-x86_64 1.0.3 122.00 NOTE
r-oldrel-windows-ix86+x86_64 1.0.3 292.00 376.00 668.00 NOTE

Additional issues

clang14

Check Details

Version: 1.0.3
Check: whether package can be installed
Result: WARN
    Found the following significant warnings:
     pixelfn.cpp:15:6: warning: use of bitwise '|' with boolean operands [-Wbitwise-instead-of-logical]
     pixelfn.cpp:34:6: warning: use of bitwise '|' with boolean operands [-Wbitwise-instead-of-logical]
     pixelfn.cpp:41:6: warning: use of bitwise '|' with boolean operands [-Wbitwise-instead-of-logical]
Flavors: r-devel-linux-x86_64-debian-clang, r-devel-linux-x86_64-fedora-clang

Version: 1.0.3
Check: LazyData
Result: NOTE
     'LazyData' is specified without a 'data' directory
Flavors: r-devel-linux-x86_64-debian-clang, r-devel-linux-x86_64-debian-gcc, r-devel-linux-x86_64-fedora-clang, r-devel-linux-x86_64-fedora-gcc, r-devel-windows-x86_64, r-patched-linux-x86_64, r-release-linux-x86_64, r-release-macos-arm64, r-release-macos-x86_64, r-release-windows-x86_64, r-oldrel-macos-arm64, r-oldrel-macos-x86_64, r-oldrel-windows-ix86+x86_64