CRAN Package Check Results for Package fastmap

Last updated on 2022-09-29 04:58:14 CEST.

Flavor Version Tinstall Tcheck Ttotal Status Flags
r-devel-linux-x86_64-debian-clang 1.1.0 5.00 39.01 44.01 NOTE
r-devel-linux-x86_64-debian-gcc 1.1.0 3.58 29.04 32.62 NOTE
r-devel-linux-x86_64-fedora-clang 1.1.0 68.18 NOTE
r-devel-linux-x86_64-fedora-gcc 1.1.0 69.69 NOTE
r-devel-windows-x86_64 1.1.0 263.00 69.00 332.00 NOTE
r-patched-linux-x86_64 1.1.0 5.59 37.98 43.57 NOTE
r-release-linux-x86_64 1.1.0 4.88 37.70 42.58 NOTE
r-release-macos-arm64 1.1.0 27.00 NOTE
r-release-macos-x86_64 1.1.0 29.00 NOTE
r-release-windows-x86_64 1.1.0 76.00 68.00 144.00 NOTE
r-oldrel-macos-arm64 1.1.0 26.00 NOTE
r-oldrel-macos-x86_64 1.1.0 40.00 NOTE
r-oldrel-windows-ix86+x86_64 1.1.0 27.00 85.00 112.00 NOTE

Check Details

Version: 1.1.0
Check: LazyData
Result: NOTE
     'LazyData' is specified without a 'data' directory
Flavors: r-devel-linux-x86_64-debian-clang, r-devel-linux-x86_64-debian-gcc, r-devel-linux-x86_64-fedora-clang, r-devel-linux-x86_64-fedora-gcc, r-devel-windows-x86_64, r-patched-linux-x86_64, r-release-linux-x86_64, r-release-macos-arm64, r-release-macos-x86_64, r-release-windows-x86_64, r-oldrel-macos-arm64, r-oldrel-macos-x86_64, r-oldrel-windows-ix86+x86_64