Last updated on 2023-12-03 04:02:21 CET.
Flavor | Version | Tinstall | Tcheck | Ttotal | Status | Flags |
---|---|---|---|---|---|---|
r-devel-linux-x86_64-debian-clang | 1.0.3 | 12.30 | 91.14 | 103.44 | OK | |
r-devel-linux-x86_64-debian-gcc | 1.0.3 | 10.28 | 69.34 | 79.62 | OK | |
r-devel-linux-x86_64-fedora-clang | 1.0.3 | 133.31 | NOTE | |||
r-devel-linux-x86_64-fedora-gcc | 1.0.3 | 127.51 | NOTE | |||
r-devel-windows-x86_64 | 1.0.3 | 11.00 | 84.00 | 95.00 | OK | |
r-patched-linux-x86_64 | 1.0.3 | 12.17 | 89.94 | 102.11 | OK | |
r-release-linux-x86_64 | 1.0.3 | 13.09 | 92.01 | 105.10 | OK | |
r-release-macos-arm64 | 1.0.3 | 39.00 | OK | |||
r-release-macos-x86_64 | 1.0.3 | 98.00 | OK | |||
r-release-windows-x86_64 | 1.0.3 | 16.00 | 100.00 | 116.00 | OK | |
r-oldrel-macos-arm64 | 1.0.3 | 40.00 | OK | |||
r-oldrel-macos-x86_64 | 1.0.3 | 59.00 | OK | |||
r-oldrel-windows-x86_64 | 1.0.3 | 16.00 | 100.00 | 116.00 | OK |
Version: 1.0.3
Check: dependencies in R code
Result: NOTE
Namespaces in Imports field not imported from:
‘assertthat’ ‘utils’
All declared Imports should be used.
Flavors: r-devel-linux-x86_64-fedora-clang, r-devel-linux-x86_64-fedora-gcc