Last updated on 2023-03-21 03:54:21 CET.
Flavor | Version | Tinstall | Tcheck | Ttotal | Status | Flags |
---|---|---|---|---|---|---|
r-devel-linux-x86_64-debian-clang | 2.1.1.1 | OK | ||||
r-devel-linux-x86_64-debian-gcc | 2.1.1.1 | 120.35 | 62.83 | 183.18 | OK | |
r-devel-linux-x86_64-fedora-clang | 2.1.1.1 | 361.68 | OK | |||
r-devel-linux-x86_64-fedora-gcc | 2.1.1.1 | 316.70 | OK | |||
r-devel-windows-x86_64 | 2.1.1.1 | 153.00 | 146.00 | 299.00 | OK | |
r-patched-linux-x86_64 | 2.1.1.1 | 130.77 | 80.42 | 211.19 | OK | |
r-release-linux-x86_64 | 2.1.1.1 | 132.61 | 79.22 | 211.83 | OK | |
r-release-macos-arm64 | 2.1.1.1 | 86.00 | NOTE | |||
r-release-macos-x86_64 | 2.1.1.1 | 97.00 | NOTE | |||
r-release-windows-x86_64 | 2.1.1.1 | 129.00 | 142.00 | 271.00 | OK | |
r-oldrel-macos-arm64 | 2.1.1.1 | 86.00 | NOTE | |||
r-oldrel-macos-x86_64 | 2.1.1.1 | 101.00 | NOTE | |||
r-oldrel-windows-ix86+x86_64 | 2.1.1.1 | 367.00 | 143.00 | 510.00 | OK |
Version: 2.1.1.1
Check: installed package size
Result: NOTE
installed size is 11.0Mb
sub-directories of 1Mb or more:
libs 10.4Mb
Flavors: r-release-macos-arm64, r-release-macos-x86_64, r-oldrel-macos-arm64, r-oldrel-macos-x86_64