Last updated on 2023-01-29 03:55:13 CET.
Flavor | Version | Tinstall | Tcheck | Ttotal | Status | Flags |
---|---|---|---|---|---|---|
r-devel-linux-x86_64-debian-clang | 0.1.0 | 3.55 | 51.07 | 54.62 | NOTE | |
r-devel-linux-x86_64-debian-gcc | 0.1.0 | 2.82 | 37.85 | 40.67 | NOTE | |
r-devel-linux-x86_64-fedora-clang | 0.1.0 | 66.04 | NOTE | |||
r-devel-linux-x86_64-fedora-gcc | 0.1.0 | 66.51 | NOTE | |||
r-devel-windows-x86_64 | 0.1.0 | 13.00 | 84.00 | 97.00 | NOTE | |
r-patched-linux-x86_64 | 0.1.0 | 2.38 | 53.35 | 55.73 | NOTE | |
r-release-linux-x86_64 | 0.1.0 | 2.98 | 52.53 | 55.51 | NOTE | |
r-release-macos-arm64 | 0.1.0 | 22.00 | NOTE | |||
r-release-macos-x86_64 | 0.1.0 | 35.00 | NOTE | |||
r-release-windows-x86_64 | 0.1.0 | 16.00 | 85.00 | 101.00 | NOTE | |
r-oldrel-macos-arm64 | 0.1.0 | 27.00 | NOTE | |||
r-oldrel-macos-x86_64 | 0.1.0 | 34.00 | NOTE | |||
r-oldrel-windows-ix86+x86_64 | 0.1.0 | 9.00 | 79.00 | 88.00 | NOTE |
Version: 0.1.0
Check: dependencies in R code
Result: NOTE
Unexported objects imported by ‘:::’ calls:
‘fdapace:::GCVLwls1D1’ ‘fdapace:::GetSmoothedMeanCurve’
‘fdapace:::HandleNumericsAndNAN’ ‘fdapace:::interp2lin’
See the note in ?`:::` about the use of this operator.
Flavors: r-devel-linux-x86_64-debian-clang, r-devel-linux-x86_64-debian-gcc, r-devel-linux-x86_64-fedora-clang, r-devel-linux-x86_64-fedora-gcc, r-devel-windows-x86_64, r-patched-linux-x86_64, r-release-linux-x86_64, r-release-macos-arm64, r-release-macos-x86_64, r-release-windows-x86_64, r-oldrel-macos-arm64, r-oldrel-macos-x86_64, r-oldrel-windows-ix86+x86_64