CRAN Package Check Results for Package feasts

Last updated on 2022-09-27 04:50:30 CEST.

Flavor Version Tinstall Tcheck Ttotal Status Flags
r-devel-linux-x86_64-debian-clang 0.3.0 11.73 165.00 176.73 OK
r-devel-linux-x86_64-debian-gcc 0.3.0 10.23 120.33 130.56 OK
r-devel-linux-x86_64-fedora-clang 0.3.0 225.09 NOTE
r-devel-linux-x86_64-fedora-gcc 0.3.0 234.36 NOTE
r-devel-windows-x86_64 0.3.0 37.00 186.00 223.00 OK
r-patched-linux-x86_64 0.3.0 11.78 156.74 168.52 OK
r-release-linux-x86_64 0.3.0 11.58 160.15 171.73 OK
r-release-macos-arm64 0.3.0 58.00 NOTE
r-release-macos-x86_64 0.3.0 79.00 NOTE
r-release-windows-x86_64 0.3.0 48.00 196.00 244.00 OK
r-oldrel-macos-arm64 0.3.0 61.00 NOTE
r-oldrel-macos-x86_64 0.3.0 82.00 NOTE
r-oldrel-windows-ix86+x86_64 0.3.0 26.00 195.00 221.00 OK

Check Details

Version: 0.3.0
Check: dependencies in R code
Result: NOTE
    Namespace in Imports field not imported from: ‘scales’
     All declared Imports should be used.
Flavors: r-devel-linux-x86_64-fedora-clang, r-devel-linux-x86_64-fedora-gcc, r-release-macos-arm64, r-release-macos-x86_64, r-oldrel-macos-arm64, r-oldrel-macos-x86_64

Version: 0.3.0
Check: package dependencies
Result: NOTE
    Package suggested but not available for checking: ‘fable’
Flavor: r-release-macos-x86_64