CRAN Package Check Results for Package fechner

Last updated on 2023-01-31 04:06:18 CET.

Flavor Version Tinstall Tcheck Ttotal Status Flags
r-devel-linux-x86_64-debian-clang 1.0-3 3.92 35.62 39.54 NOTE
r-devel-linux-x86_64-debian-gcc 1.0-3 2.63 27.36 29.99 NOTE
r-devel-linux-x86_64-fedora-clang 1.0-3 50.63 NOTE
r-devel-linux-x86_64-fedora-gcc 1.0-3 45.97 NOTE
r-devel-windows-x86_64 1.0-3 25.00 76.00 101.00 NOTE
r-patched-linux-x86_64 1.0-3 3.75 32.52 36.27 OK
r-release-linux-x86_64 1.0-3 3.28 32.09 35.37 OK
r-release-macos-arm64 1.0-3 25.00 OK
r-release-macos-x86_64 1.0-3 26.00 OK
r-release-windows-x86_64 1.0-3 9.00 67.00 76.00 OK
r-oldrel-macos-arm64 1.0-3 22.00 OK
r-oldrel-macos-x86_64 1.0-3 30.00 OK
r-oldrel-windows-ix86+x86_64 1.0-3 9.00 45.00 54.00 OK

Check Details

Version: 1.0-3
Check: Rd files
Result: NOTE
    checkRd: (-1) morse.Rd:40: Escaped LaTeX specials: \#
    checkRd: (-1) noRegMin.Rd:23: Escaped LaTeX specials: \#
    checkRd: (-1) noRegMin.Rd:24: Escaped LaTeX specials: \#
    checkRd: (-1) regMin.Rd:24: Escaped LaTeX specials: \#
Flavors: r-devel-linux-x86_64-debian-clang, r-devel-linux-x86_64-debian-gcc, r-devel-linux-x86_64-fedora-clang, r-devel-linux-x86_64-fedora-gcc, r-devel-windows-x86_64

Version: 1.0-3
Check: compiled code
Result: NOTE
    File ‘fechner/libs/fechner.so’:
     Found no calls to: ‘R_registerRoutines’, ‘R_useDynamicSymbols’
    
    It is good practice to register native routines and to disable symbol
    search.
    
    See ‘Writing portable packages’ in the ‘Writing R Extensions’ manual.
Flavors: r-devel-linux-x86_64-fedora-clang, r-devel-linux-x86_64-fedora-gcc