CRAN Package Check Results for Package fechner

Last updated on 2024-02-24 03:52:34 CET.

Flavor Version Tinstall Tcheck Ttotal Status Flags
r-devel-linux-x86_64-debian-clang 1.0-3 3.57 35.35 38.92 NOTE
r-devel-linux-x86_64-debian-gcc 1.0-3 2.86 27.20 30.06 NOTE
r-devel-linux-x86_64-fedora-clang 1.0-3 49.98 NOTE
r-devel-linux-x86_64-fedora-gcc 1.0-3 47.58 NOTE
r-devel-windows-x86_64 1.0-3 5.00 57.00 62.00 NOTE
r-patched-linux-x86_64 1.0-3 4.50 35.62 40.12 NOTE
r-release-linux-x86_64 1.0-3 3.73 34.73 38.46 NOTE
r-release-macos-arm64 1.0-3 20.00 NOTE
r-release-macos-x86_64 1.0-3 28.00 NOTE
r-release-windows-x86_64 1.0-3 9.00 57.00 66.00 NOTE
r-oldrel-macos-arm64 1.0-3 20.00 OK
r-oldrel-windows-x86_64 1.0-3 9.00 67.00 76.00 OK

Check Details

Version: 1.0-3
Check: Rd files
Result: NOTE checkRd: (-1) morse.Rd:40: Escaped LaTeX specials: \# checkRd: (-1) noRegMin.Rd:23: Escaped LaTeX specials: \# checkRd: (-1) noRegMin.Rd:24: Escaped LaTeX specials: \# checkRd: (-1) regMin.Rd:24: Escaped LaTeX specials: \# Flavors: r-devel-linux-x86_64-debian-clang, r-devel-linux-x86_64-debian-gcc, r-devel-linux-x86_64-fedora-clang, r-devel-linux-x86_64-fedora-gcc, r-devel-windows-x86_64, r-patched-linux-x86_64, r-release-linux-x86_64, r-release-macos-arm64, r-release-macos-x86_64, r-release-windows-x86_64

Version: 1.0-3
Check: compiled code
Result: NOTE File ‘fechner/libs/fechner.so’: Found no calls to: ‘R_registerRoutines’, ‘R_useDynamicSymbols’ It is good practice to register native routines and to disable symbol search. See ‘Writing portable packages’ in the ‘Writing R Extensions’ manual. Flavors: r-devel-linux-x86_64-fedora-clang, r-devel-linux-x86_64-fedora-gcc