CRAN Package Check Results for Package ff

Last updated on 2022-10-04 04:50:29 CEST.

Flavor Version Tinstall Tcheck Ttotal Status Flags
r-devel-linux-x86_64-debian-clang 4.0.7 44.40 114.99 159.39 NOTE
r-devel-linux-x86_64-debian-gcc 4.0.7 37.83 86.02 123.85 NOTE
r-devel-linux-x86_64-fedora-clang 4.0.7 209.70 NOTE
r-devel-linux-x86_64-fedora-gcc 4.0.7 226.25 NOTE
r-devel-windows-x86_64 4.0.7 97.00 175.00 272.00 NOTE
r-patched-linux-x86_64 4.0.7 47.77 105.59 153.36 OK
r-release-linux-x86_64 4.0.7 42.39 107.58 149.97 OK
r-release-macos-arm64 4.0.7 53.00 OK
r-release-macos-x86_64 4.0.7 80.00 OK
r-release-windows-x86_64 4.0.7 102.00 177.00 279.00 OK
r-oldrel-macos-arm64 4.0.7 51.00 OK
r-oldrel-macos-x86_64 4.0.7 75.00 OK
r-oldrel-windows-ix86+x86_64 4.0.7 116.00 181.00 297.00 OK

Check Details

Version: 4.0.7
Check: Rd files
Result: NOTE
    checkRd: (-1) dimnames.ff.rd:18: Escaped LaTeX specials: \_
    checkRd: (-1) ff.rd:120: Escaped LaTeX specials: \_
    checkRd: (-1) names.ff.rd:22: Escaped LaTeX specials: \_
Flavors: r-devel-linux-x86_64-debian-clang, r-devel-linux-x86_64-debian-gcc, r-devel-linux-x86_64-fedora-clang, r-devel-linux-x86_64-fedora-gcc, r-devel-windows-x86_64