Last updated on 2023-02-05 03:53:45 CET.
Flavor | Version | Tinstall | Tcheck | Ttotal | Status | Flags |
---|---|---|---|---|---|---|
r-devel-linux-x86_64-debian-clang | 1.2.8 | 6.36 | 66.09 | 72.45 | OK | |
r-devel-linux-x86_64-debian-gcc | 1.2.8 | 4.80 | 49.76 | 54.56 | OK | |
r-devel-linux-x86_64-fedora-clang | 1.2.8 | 95.38 | OK | |||
r-devel-linux-x86_64-fedora-gcc | 1.2.8 | 84.73 | OK | |||
r-devel-windows-x86_64 | 1.2.8 | 49.00 | 101.00 | 150.00 | OK | |
r-patched-linux-x86_64 | 1.2.8 | 10.92 | 65.34 | 76.26 | OK | |
r-release-linux-x86_64 | 1.2.8 | 5.85 | 66.85 | 72.70 | OK | |
r-release-macos-arm64 | 1.2.8 | 29.00 | OK | |||
r-release-macos-x86_64 | 1.2.8 | 42.00 | OK | |||
r-release-windows-x86_64 | 1.2.8 | 56.00 | 114.00 | 170.00 | OK | |
r-oldrel-macos-arm64 | 1.2.8 | 33.00 | OK | |||
r-oldrel-macos-x86_64 | 1.2.8 | 45.00 | OK | |||
r-oldrel-windows-ix86+x86_64 | 1.2.8 | 14.00 | 106.00 | 120.00 | WARN |
Version: 1.2.8
Check: for unstated dependencies in ‘tests’
Result: WARN
Warning: unable to access index for repository https://bioconductor.org/packages/3.14/bioc/src/contrib:
cannot open URL 'https://bioconductor.org/packages/3.14/bioc/src/contrib/PACKAGES'
Warning: unable to access index for repository https://bioconductor.org/packages/3.14/data/annotation/src/contrib:
cannot open URL 'https://bioconductor.org/packages/3.14/data/annotation/src/contrib/PACKAGES'
Warning: unable to access index for repository https://bioconductor.org/packages/3.14/data/experiment/src/contrib:
cannot open URL 'https://bioconductor.org/packages/3.14/data/experiment/src/contrib/PACKAGES'
Flavor: r-oldrel-windows-ix86+x86_64