CRAN Package Check Results for Package files

Last updated on 2023-02-01 03:54:14 CET.

Flavor Version Tinstall Tcheck Ttotal Status Flags
r-devel-linux-x86_64-debian-clang 0.0.1 1.52 20.22 21.74 NOTE
r-devel-linux-x86_64-debian-gcc 0.0.1 1.52 15.77 17.29 NOTE
r-devel-linux-x86_64-fedora-clang 0.0.1 28.27 NOTE
r-devel-linux-x86_64-fedora-gcc 0.0.1 26.57 NOTE
r-devel-windows-x86_64 0.0.1 12.00 43.00 55.00 NOTE
r-patched-linux-x86_64 0.0.1 1.65 20.14 21.79 NOTE
r-release-linux-x86_64 0.0.1 1.90 20.30 22.20 NOTE
r-release-macos-arm64 0.0.1 14.00 NOTE
r-release-macos-x86_64 0.0.1 20.00 NOTE
r-release-windows-x86_64 0.0.1 6.00 41.00 47.00 NOTE
r-oldrel-macos-arm64 0.0.1 17.00 NOTE
r-oldrel-macos-x86_64 0.0.1 23.00 NOTE
r-oldrel-windows-ix86+x86_64 0.0.1 5.00 24.00 29.00 NOTE

Check Details

Version: 0.0.1
Check: LazyData
Result: NOTE
     'LazyData' is specified without a 'data' directory
Flavors: r-devel-linux-x86_64-debian-clang, r-devel-linux-x86_64-debian-gcc, r-devel-linux-x86_64-fedora-clang, r-devel-linux-x86_64-fedora-gcc, r-devel-windows-x86_64, r-patched-linux-x86_64, r-release-linux-x86_64, r-release-macos-arm64, r-release-macos-x86_64, r-release-windows-x86_64, r-oldrel-macos-arm64, r-oldrel-macos-x86_64, r-oldrel-windows-ix86+x86_64