CRAN Package Check Results for Package fitHeavyTail

Last updated on 2022-11-26 03:58:07 CET.

Flavor Version Tinstall Tcheck Ttotal Status Flags
r-devel-linux-x86_64-debian-clang 0.1.4 10.71 206.81 217.52 OK
r-devel-linux-x86_64-debian-gcc 0.1.4 7.72 142.59 150.31 OK
r-devel-linux-x86_64-fedora-clang 0.1.4 272.90 OK
r-devel-linux-x86_64-fedora-gcc 0.1.4 282.26 OK
r-devel-windows-x86_64 0.1.4 24.00 213.00 237.00 OK
r-patched-linux-x86_64 0.1.4 OK
r-release-linux-x86_64 0.1.4 11.94 200.00 211.94 OK
r-release-macos-arm64 0.1.4 60.00 OK
r-release-macos-x86_64 0.1.4 86.00 ERROR
r-release-windows-x86_64 0.1.4 24.00 216.00 240.00 OK
r-oldrel-macos-arm64 0.1.4 58.00 OK
r-oldrel-macos-x86_64 0.1.4 86.00 ERROR
r-oldrel-windows-ix86+x86_64 0.1.4 23.00 232.00 255.00 OK

Check Details

Version: 0.1.4
Check: tests
Result: ERROR
     Running ‘testthat.R’ [29s/29s]
    Running the tests in ‘tests/testthat.R’ failed.
    Last 13 lines of output:
     > library(testthat)
     > library(fitHeavyTail)
     >
     > test_check("fitHeavyTail")
     [ FAIL 1 | WARN 0 | SKIP 0 | PASS 71 ]
    
     ══ Failed tests ════════════════════════════════════════════════════════════════
     ── Failure ('test-fit_mvst.R:43'): default mode works ──────────────────────────
     ...[] not equal to ...[].
     Component "num_iterations": Mean relative difference: 0.002739726
    
     [ FAIL 1 | WARN 0 | SKIP 0 | PASS 71 ]
     Error: Test failures
     Execution halted
Flavor: r-release-macos-x86_64

Version: 0.1.4
Check: tests
Result: ERROR
     Running ‘testthat.R’ [28s/28s]
    Running the tests in ‘tests/testthat.R’ failed.
    Last 13 lines of output:
     > library(testthat)
     > library(fitHeavyTail)
     >
     > test_check("fitHeavyTail")
     [ FAIL 1 | WARN 0 | SKIP 0 | PASS 71 ]
    
     ══ Failed tests ════════════════════════════════════════════════════════════════
     ── Failure ('test-fit_mvst.R:43'): default mode works ──────────────────────────
     ...[] not equal to ...[].
     Component "num_iterations": Mean relative difference: 0.002739726
    
     [ FAIL 1 | WARN 0 | SKIP 0 | PASS 71 ]
     Error: Test failures
     Execution halted
Flavor: r-oldrel-macos-x86_64