CRAN Package Check Results for Package flipscores

Last updated on 2023-02-01 03:54:14 CET.

Flavor Version Tinstall Tcheck Ttotal Status Flags
r-devel-linux-x86_64-debian-clang 1.2.0 2.45 51.71 54.16 OK
r-devel-linux-x86_64-debian-gcc 1.2.0 2.29 36.46 38.75 OK
r-devel-linux-x86_64-fedora-clang 1.2.0 64.75 NOTE
r-devel-linux-x86_64-fedora-gcc 1.2.0 63.09 OK
r-devel-windows-x86_64 1.2.0 9.00 72.00 81.00 OK
r-patched-linux-x86_64 1.2.0 3.16 49.86 53.02 OK
r-release-linux-x86_64 1.2.0 2.72 49.00 51.72 OK
r-release-macos-arm64 1.2.0 21.00 OK
r-release-macos-x86_64 1.2.0 29.00 OK
r-release-windows-x86_64 1.2.0 19.00 74.00 93.00 OK
r-oldrel-macos-arm64 1.2.0 30.00 OK
r-oldrel-macos-x86_64 1.2.0 32.00 OK
r-oldrel-windows-ix86+x86_64 1.2.0 7.00 69.00 76.00 OK

Check Details

Version: 1.2.0
Check: Rd cross-references
Result: NOTE
    Undeclared package ‘flip’ in Rd xrefs
Flavor: r-devel-linux-x86_64-fedora-clang