CRAN Package Check Results for Package flux

Last updated on 2022-11-27 03:57:47 CET.

Flavor Version Tinstall Tcheck Ttotal Status Flags
r-devel-linux-x86_64-debian-clang 0.3-0.1 5.86 56.67 62.53 NOTE
r-devel-linux-x86_64-debian-gcc 0.3-0.1 5.40 42.46 47.86 NOTE
r-devel-linux-x86_64-fedora-clang 0.3-0.1 87.47 NOTE
r-devel-linux-x86_64-fedora-gcc 0.3-0.1 84.79 NOTE
r-devel-windows-x86_64 0.3-0.1 25.00 85.00 110.00 OK
r-patched-linux-x86_64 0.3-0.1 6.37 51.02 57.39 NOTE
r-release-linux-x86_64 0.3-0.1 5.13 51.76 56.89 NOTE
r-release-macos-arm64 0.3-0.1 27.00 OK
r-release-macos-x86_64 0.3-0.1 34.00 OK
r-release-windows-x86_64 0.3-0.1 16.00 81.00 97.00 OK
r-oldrel-macos-arm64 0.3-0.1 27.00 OK
r-oldrel-macos-x86_64 0.3-0.1 37.00 OK
r-oldrel-windows-ix86+x86_64 0.3-0.1 11.00 72.00 83.00 OK

Check Details

Version: 0.3-0.1
Check: for non-standard things in the check directory
Result: NOTE
    Found the following files/directories:
     'flux.CH4.txt'
Flavors: r-devel-linux-x86_64-debian-clang, r-devel-linux-x86_64-debian-gcc, r-devel-linux-x86_64-fedora-clang, r-devel-linux-x86_64-fedora-gcc, r-patched-linux-x86_64, r-release-linux-x86_64

Version: 0.3-0.1
Check: Rd cross-references
Result: NOTE
    Undeclared package ‘HMR’ in Rd xrefs
Flavor: r-devel-linux-x86_64-fedora-clang