CRAN Package Check Results for Package fmpcloudr

Last updated on 2023-01-29 03:55:13 CET.

Flavor Version Tinstall Tcheck Ttotal Status Flags
r-devel-linux-x86_64-debian-clang 0.1.5 3.32 30.40 33.72 NOTE
r-devel-linux-x86_64-debian-gcc 0.1.5 2.37 23.84 26.21 NOTE
r-devel-linux-x86_64-fedora-clang 0.1.5 42.84 NOTE
r-devel-linux-x86_64-fedora-gcc 0.1.5 41.39 NOTE
r-devel-windows-x86_64 0.1.5 42.00 68.00 110.00 NOTE
r-patched-linux-x86_64 0.1.5 4.27 29.48 33.75 NOTE
r-release-linux-x86_64 0.1.5 3.17 29.60 32.77 NOTE
r-release-macos-arm64 0.1.5 17.00 NOTE
r-release-macos-x86_64 0.1.5 32.00 NOTE
r-release-windows-x86_64 0.1.5 30.00 61.00 91.00 NOTE
r-oldrel-macos-arm64 0.1.5 22.00 NOTE
r-oldrel-macos-x86_64 0.1.5 26.00 NOTE
r-oldrel-windows-ix86+x86_64 0.1.5 7.00 56.00 63.00 NOTE

Check Details

Version: 0.1.5
Check: LazyData
Result: NOTE
     'LazyData' is specified without a 'data' directory
Flavors: r-devel-linux-x86_64-debian-clang, r-devel-linux-x86_64-debian-gcc, r-devel-linux-x86_64-fedora-clang, r-devel-linux-x86_64-fedora-gcc, r-devel-windows-x86_64, r-patched-linux-x86_64, r-release-linux-x86_64, r-release-macos-arm64, r-release-macos-x86_64, r-release-windows-x86_64, r-oldrel-macos-arm64, r-oldrel-macos-x86_64, r-oldrel-windows-ix86+x86_64