Last updated on 2022-08-16 04:53:38 CEST.
Flavor | Version | Tinstall | Tcheck | Ttotal | Status | Flags |
---|---|---|---|---|---|---|
r-devel-linux-x86_64-debian-clang | 0.7-6 | 160.75 | 584.67 | 745.42 | OK | |
r-devel-linux-x86_64-debian-gcc | 0.7-6 | 151.57 | 425.86 | 577.43 | OK | |
r-devel-linux-x86_64-fedora-clang | 0.7-6 | 924.87 | OK | |||
r-devel-linux-x86_64-fedora-gcc | 0.7-6 | 963.56 | OK | |||
r-devel-windows-x86_64 | 0.7-6 | 144.00 | 586.00 | 730.00 | NOTE | |
r-patched-linux-x86_64 | 0.7-6 | 151.26 | 557.27 | 708.53 | OK | |
r-release-linux-x86_64 | 0.7-6 | 117.49 | 546.61 | 664.10 | OK | |
r-release-macos-arm64 | 0.7-6 | 219.00 | NOTE | |||
r-release-macos-x86_64 | 0.7-6 | 377.00 | NOTE | |||
r-release-windows-x86_64 | 0.7-6 | 141.00 | 603.00 | 744.00 | NOTE | |
r-oldrel-macos-arm64 | 0.7-6 | 247.00 | NOTE | |||
r-oldrel-macos-x86_64 | 0.7-6 | 295.00 | NOTE | |||
r-oldrel-windows-ix86+x86_64 | 0.7-6 | 330.00 | 874.00 | 1204.00 | NOTE |
Version: 0.7-6
Check: installed package size
Result: NOTE
installed size is 13.9Mb
sub-directories of 1Mb or more:
libs 12.9Mb
Flavors: r-devel-windows-x86_64, r-release-macos-arm64, r-release-macos-x86_64, r-release-windows-x86_64, r-oldrel-macos-arm64, r-oldrel-macos-x86_64, r-oldrel-windows-ix86+x86_64