CRAN Package Check Results for Package foreSIGHT

Last updated on 2022-09-29 04:58:14 CEST.

Flavor Version Tinstall Tcheck Ttotal Status Flags
r-devel-linux-x86_64-debian-clang 1.0.0 44.73 284.81 329.54 OK
r-devel-linux-x86_64-debian-gcc 1.0.0 33.89 200.94 234.83 OK
r-devel-linux-x86_64-fedora-clang 1.0.0 414.23 NOTE
r-devel-linux-x86_64-fedora-gcc 1.0.0 395.46 NOTE
r-devel-windows-x86_64 1.0.0 101.00 328.00 429.00 OK
r-patched-linux-x86_64 1.0.0 40.43 239.40 279.83 OK
r-release-linux-x86_64 1.0.0 40.31 267.70 308.01 OK
r-release-macos-arm64 1.0.0 115.00 NOTE
r-release-macos-x86_64 1.0.0 222.00 NOTE
r-release-windows-x86_64 1.0.0 100.00 327.00 427.00 OK
r-oldrel-macos-arm64 1.0.0 147.00 NOTE
r-oldrel-macos-x86_64 1.0.0 169.00 NOTE
r-oldrel-windows-ix86+x86_64 1.0.0 107.00 388.00 495.00 NOTE

Check Details

Version: 1.0.0
Check: dependencies in R code
Result: NOTE
    Namespace in Imports field not imported from: ‘RColorBrewer’
     All declared Imports should be used.
Flavors: r-devel-linux-x86_64-fedora-clang, r-devel-linux-x86_64-fedora-gcc, r-release-macos-arm64, r-release-macos-x86_64, r-oldrel-macos-arm64, r-oldrel-macos-x86_64

Version: 1.0.0
Check: installed package size
Result: NOTE
     installed size is 5.2Mb
     sub-directories of 1Mb or more:
     doc 1.9Mb
     libs 2.0Mb
Flavor: r-oldrel-windows-ix86+x86_64