CRAN Package Check Results for Package forecast

Last updated on 2022-07-01 04:52:55 CEST.

Flavor Version Tinstall Tcheck Ttotal Status Flags
r-devel-linux-x86_64-debian-clang 8.16 129.90 410.86 540.76 OK
r-devel-linux-x86_64-debian-gcc 8.16 101.28 289.49 390.77 OK
r-devel-linux-x86_64-fedora-clang 8.16 680.03 OK
r-devel-linux-x86_64-fedora-gcc 8.16 655.16 OK
r-devel-windows-x86_64 8.16 186.00 443.00 629.00 OK
r-patched-linux-x86_64 8.16 120.31 381.66 501.97 OK
r-release-linux-x86_64 8.16 121.97 387.38 509.35 OK
r-release-macos-arm64 8.16 150.00 WARN
r-release-macos-x86_64 8.16 218.00 WARN
r-release-windows-x86_64 8.16 194.00 462.00 656.00 OK
r-oldrel-macos-arm64 8.16 153.00 NOTE
r-oldrel-macos-x86_64 8.16 193.00 OK
r-oldrel-windows-ix86+x86_64 8.16 310.00 793.00 1103.00 OK

Check Details

Version: 8.16
Check: installed package size
Result: NOTE
     installed size is 5.3Mb
     sub-directories of 1Mb or more:
     libs 3.6Mb
Flavors: r-release-macos-arm64, r-oldrel-macos-arm64

Version: 8.16
Check: re-building of vignette outputs
Result: WARN
    Error(s) in re-building vignettes:
     ...
    --- re-building ‘JSS2008.Rmd’ using rmarkdown
    ! LaTeX Error: File `orcidlink.sty' not found.
    
    ! Emergency stop.
    <read *>
    
    Error: processing vignette 'JSS2008.Rmd' failed with diagnostics:
    LaTeX failed to compile /Volumes/Builds/packages/big-sur-arm64/results/4.2/forecast.Rcheck/vign_test/forecast/vignettes/JSS2008.tex. See https://yihui.org/tinytex/r/#debugging for debugging tips. See JSS2008.log for more info.
    --- failed re-building ‘JSS2008.Rmd’
    
    SUMMARY: processing the following file failed:
     ‘JSS2008.Rmd’
    
    Error: Vignette re-building failed.
    Execution halted
Flavor: r-release-macos-arm64

Version: 8.16
Check: re-building of vignette outputs
Result: WARN
    Error(s) in re-building vignettes:
     ...
    --- re-building ‘JSS2008.Rmd’ using rmarkdown
    ! LaTeX Error: File `orcidlink.sty' not found.
    
    ! Emergency stop.
    <read *>
    
    Error: processing vignette 'JSS2008.Rmd' failed with diagnostics:
    LaTeX failed to compile /Volumes/Builds/packages/high-sierra-x86_64/results/4.2/forecast.Rcheck/vign_test/forecast/vignettes/JSS2008.tex. See https://yihui.org/tinytex/r/#debugging for debugging tips. See JSS2008.log for more info.
    --- failed re-building ‘JSS2008.Rmd’
    
    SUMMARY: processing the following file failed:
     ‘JSS2008.Rmd’
    
    Error: Vignette re-building failed.
    Execution halted
Flavor: r-release-macos-x86_64