CRAN Package Check Results for Package forestmodel

Last updated on 2022-08-07 04:53:37 CEST.

Flavor Version Tinstall Tcheck Ttotal Status Flags
r-devel-linux-x86_64-debian-clang 0.6.2 6.44 65.71 72.15 NOTE
r-devel-linux-x86_64-debian-gcc 0.6.2 6.43 48.64 55.07 NOTE
r-devel-linux-x86_64-fedora-clang 0.6.2 96.68 NOTE
r-devel-linux-x86_64-fedora-gcc 0.6.2 92.50 NOTE
r-devel-windows-x86_64 0.6.2 28.00 85.00 113.00 NOTE
r-patched-linux-x86_64 0.6.2 4.78 60.94 65.72 NOTE
r-release-linux-x86_64 0.6.2 4.39 60.32 64.71 NOTE
r-release-macos-arm64 0.6.2 24.00 NOTE
r-release-macos-x86_64 0.6.2 51.00 NOTE
r-release-windows-x86_64 0.6.2 16.00 86.00 102.00 NOTE
r-oldrel-macos-arm64 0.6.2 32.00 NOTE
r-oldrel-macos-x86_64 0.6.2 46.00 NOTE
r-oldrel-windows-ix86+x86_64 0.6.2 18.00 83.00 101.00 NOTE

Check Details

Version: 0.6.2
Check: LazyData
Result: NOTE
     'LazyData' is specified without a 'data' directory
Flavors: r-devel-linux-x86_64-debian-clang, r-devel-linux-x86_64-debian-gcc, r-devel-linux-x86_64-fedora-clang, r-devel-linux-x86_64-fedora-gcc, r-devel-windows-x86_64, r-patched-linux-x86_64, r-release-linux-x86_64, r-release-macos-arm64, r-release-macos-x86_64, r-release-windows-x86_64, r-oldrel-macos-arm64, r-oldrel-macos-x86_64, r-oldrel-windows-ix86+x86_64