CRAN Package Check Results for Package forestplot

Last updated on 2022-09-29 04:58:14 CEST.

Flavor Version Tinstall Tcheck Ttotal Status Flags
r-devel-linux-x86_64-debian-clang 2.0.1 5.65 70.18 75.83 NOTE
r-devel-linux-x86_64-debian-gcc 2.0.1 4.04 51.73 55.77 NOTE
r-devel-linux-x86_64-fedora-clang 2.0.1 104.41 NOTE
r-devel-linux-x86_64-fedora-gcc 2.0.1 105.05 NOTE
r-devel-windows-x86_64 2.0.1 48.00 99.00 147.00 NOTE
r-patched-linux-x86_64 2.0.1 7.14 62.76 69.90 OK
r-release-linux-x86_64 2.0.1 6.43 63.22 69.65 OK
r-release-macos-arm64 2.0.1 30.00 OK
r-release-macos-x86_64 2.0.1 45.00 OK
r-release-windows-x86_64 2.0.1 47.00 93.00 140.00 OK
r-oldrel-macos-arm64 2.0.1 40.00 OK
r-oldrel-macos-x86_64 2.0.1 39.00 OK
r-oldrel-windows-ix86+x86_64 2.0.1 11.00 87.00 98.00 OK

Check Details

Version: 2.0.1
Check: Rd files
Result: NOTE
    checkRd: (-1) fpColors.Rd:59: Escaped LaTeX specials: \&
Flavors: r-devel-linux-x86_64-debian-clang, r-devel-linux-x86_64-debian-gcc, r-devel-linux-x86_64-fedora-clang, r-devel-linux-x86_64-fedora-gcc, r-devel-windows-x86_64