CRAN Package Check Results for Package fplyr

Last updated on 2023-02-06 03:54:31 CET.

Flavor Version Tinstall Tcheck Ttotal Status Flags
r-devel-linux-x86_64-debian-clang 1.2.1 3.49 40.46 43.95 NOTE
r-devel-linux-x86_64-debian-gcc 1.2.1 2.50 29.45 31.95 NOTE
r-devel-linux-x86_64-fedora-clang 1.2.1 54.28 NOTE
r-devel-linux-x86_64-fedora-gcc 1.2.1 62.49 NOTE
r-devel-windows-x86_64 1.2.1 16.00 72.00 88.00 NOTE
r-patched-linux-x86_64 1.2.1 3.41 37.48 40.89 NOTE
r-release-linux-x86_64 1.2.1 2.66 39.86 42.52 NOTE
r-release-macos-arm64 1.2.1 21.00 NOTE
r-release-macos-x86_64 1.2.1 31.00 NOTE
r-release-windows-x86_64 1.2.1 14.00 73.00 87.00 NOTE
r-oldrel-macos-arm64 1.2.1 24.00 NOTE
r-oldrel-macos-x86_64 1.2.1 38.00 NOTE
r-oldrel-windows-ix86+x86_64 1.2.1 8.00 66.00 74.00 NOTE

Check Details

Version: 1.2.1
Check: LazyData
Result: NOTE
     'LazyData' is specified without a 'data' directory
Flavors: r-devel-linux-x86_64-debian-clang, r-devel-linux-x86_64-debian-gcc, r-devel-linux-x86_64-fedora-clang, r-devel-linux-x86_64-fedora-gcc, r-devel-windows-x86_64, r-patched-linux-x86_64, r-release-linux-x86_64, r-release-macos-arm64, r-release-macos-x86_64, r-release-windows-x86_64, r-oldrel-macos-arm64, r-oldrel-macos-x86_64, r-oldrel-windows-ix86+x86_64