Last updated on 2023-01-27 03:53:45 CET.
Flavor | Version | Tinstall | Tcheck | Ttotal | Status | Flags |
---|---|---|---|---|---|---|
r-devel-linux-x86_64-debian-clang | 0.1.0 | 2.93 | 53.22 | 56.15 | NOTE | |
r-devel-linux-x86_64-debian-gcc | 0.1.0 | 2.16 | 39.94 | 42.10 | NOTE | |
r-devel-linux-x86_64-fedora-clang | 0.1.0 | 71.24 | NOTE | |||
r-devel-linux-x86_64-fedora-gcc | 0.1.0 | 79.67 | NOTE | |||
r-devel-windows-x86_64 | 0.1.0 | 17.00 | 87.00 | 104.00 | NOTE | |
r-patched-linux-x86_64 | 0.1.0 | 2.19 | 52.84 | 55.03 | NOTE | |
r-release-linux-x86_64 | 0.1.0 | 2.75 | 54.13 | 56.88 | NOTE | |
r-release-macos-arm64 | 0.1.0 | 35.00 | NOTE | |||
r-release-macos-x86_64 | 0.1.0 | 40.00 | NOTE | |||
r-release-windows-x86_64 | 0.1.0 | 24.00 | 91.00 | 115.00 | NOTE | |
r-oldrel-macos-arm64 | 0.1.0 | 35.00 | NOTE | |||
r-oldrel-macos-x86_64 | 0.1.0 | 55.00 | NOTE | |||
r-oldrel-windows-ix86+x86_64 | 0.1.0 | 6.00 | 89.00 | 95.00 | NOTE |
Version: 0.1.0
Check: LazyData
Result: NOTE
'LazyData' is specified without a 'data' directory
Flavors: r-devel-linux-x86_64-debian-clang, r-devel-linux-x86_64-debian-gcc, r-devel-linux-x86_64-fedora-clang, r-devel-linux-x86_64-fedora-gcc, r-devel-windows-x86_64, r-patched-linux-x86_64, r-release-linux-x86_64, r-release-macos-arm64, r-release-macos-x86_64, r-release-windows-x86_64, r-oldrel-macos-arm64, r-oldrel-macos-x86_64, r-oldrel-windows-ix86+x86_64