CRAN Package Check Results for Package fractaldim

Last updated on 2025-04-20 04:49:14 CEST.

Flavor Version Tinstall Tcheck Ttotal Status Flags
r-devel-linux-x86_64-debian-clang 0.8-5 2.78 27.67 30.45 OK
r-devel-linux-x86_64-debian-gcc 0.8-5 2.04 20.53 22.57 OK
r-devel-linux-x86_64-fedora-clang 0.8-5 49.71 OK
r-devel-linux-x86_64-fedora-gcc 0.8-5 47.92 OK
r-devel-windows-x86_64 0.8-5 4.00 55.00 59.00 OK
r-patched-linux-x86_64 0.8-5 3.00 26.75 29.75 OK
r-release-linux-x86_64 0.8-5 2.65 26.33 28.98 OK
r-release-macos-arm64 0.8-5 25.00 OK
r-release-macos-x86_64 0.8-5 37.00 OK
r-release-windows-x86_64 0.8-5 6.00 53.00 59.00 OK
r-oldrel-macos-arm64 0.8-5 28.00 NOTE
r-oldrel-macos-x86_64 0.8-5 30.00 NOTE
r-oldrel-windows-x86_64 0.8-5 6.00 56.00 62.00 NOTE

Check Details

Version: 0.8-5
Check: package dependencies
Result: NOTE Package suggested but not available for checking: ‘RandomFields’ Flavors: r-oldrel-macos-arm64, r-oldrel-macos-x86_64, r-oldrel-windows-x86_64