Last updated on 2023-03-27 04:53:12 CEST.
Flavor | Version | Tinstall | Tcheck | Ttotal | Status | Flags |
---|---|---|---|---|---|---|
r-devel-linux-x86_64-debian-clang | 2.1.0 | 4.89 | 56.97 | 61.86 | OK | |
r-devel-linux-x86_64-debian-gcc | 2.1.0 | 3.29 | 43.55 | 46.84 | OK | |
r-devel-linux-x86_64-fedora-gcc | 2.1.0 | 82.03 | NOTE | |||
r-patched-linux-x86_64 | 2.1.0 | 6.12 | 55.34 | 61.46 | OK | |
r-release-linux-x86_64 | 2.1.0 | 3.96 | 52.95 | 56.91 | OK | |
r-release-macos-arm64 | 2.1.0 | 34.00 | NOTE | |||
r-release-macos-x86_64 | 2.1.0 | 44.00 | NOTE | |||
r-release-windows-x86_64 | 2.1.0 | 58.00 | 98.00 | 156.00 | OK | |
r-oldrel-macos-arm64 | 2.1.0 | 33.00 | NOTE | |||
r-oldrel-macos-x86_64 | 2.1.0 | 44.00 | NOTE | |||
r-oldrel-windows-ix86+x86_64 | 2.1.0 | 11.00 | 81.00 | 92.00 | OK |
Version: 2.1.0
Check: data for non-ASCII characters
Result: NOTE
Note: found 1 marked UTF-8 string
Flavors: r-devel-linux-x86_64-fedora-gcc, r-release-macos-arm64, r-release-macos-x86_64, r-oldrel-macos-arm64, r-oldrel-macos-x86_64