CRAN Package Check Results for Package fstcore

Last updated on 2022-08-13 04:57:47 CEST.

Flavor Version Tinstall Tcheck Ttotal Status Flags
r-devel-linux-x86_64-debian-clang 0.9.12 78.26 31.24 109.50 OK
r-devel-linux-x86_64-debian-gcc 0.9.12 58.96 24.09 83.05 OK
r-devel-linux-x86_64-fedora-clang 0.9.12 191.84 OK
r-devel-linux-x86_64-fedora-gcc 0.9.12 147.84 OK
r-devel-windows-x86_64 0.9.12 140.00 82.00 222.00 OK
r-patched-linux-x86_64 0.9.12 61.33 29.65 90.98 OK
r-release-linux-x86_64 0.9.12 60.30 30.15 90.45 OK
r-release-macos-arm64 0.9.12 39.00 OK
r-release-macos-x86_64 0.9.12 59.00 OK
r-release-windows-x86_64 0.9.12 152.00 81.00 233.00 OK
r-oldrel-macos-arm64 0.9.12 41.00 OK
r-oldrel-macos-x86_64 0.9.12 80.00 NOTE
r-oldrel-windows-ix86+x86_64 0.9.12 296.00 78.00 374.00 OK

Check Details

Version: 0.9.12
Check: installed package size
Result: NOTE
     installed size is 7.4Mb
     sub-directories of 1Mb or more:
     libs 7.3Mb
Flavor: r-oldrel-macos-x86_64