CRAN Package Check Results for Package ftDK

Last updated on 2022-08-10 04:54:01 CEST.

Flavor Version Tinstall Tcheck Ttotal Status Flags
r-devel-linux-x86_64-debian-clang 1.0 1.71 22.11 23.82 OK
r-devel-linux-x86_64-debian-gcc 1.0 1.61 17.27 18.88 OK
r-devel-linux-x86_64-fedora-clang 1.0 40.73 NOTE
r-devel-linux-x86_64-fedora-gcc 1.0 39.18 NOTE
r-devel-windows-x86_64 1.0 8.00 46.00 54.00 OK
r-patched-linux-x86_64 1.0 1.79 21.50 23.29 OK
r-release-linux-x86_64 1.0 OK
r-release-macos-arm64 1.0 14.00 NOTE
r-release-macos-x86_64 1.0 25.00 NOTE
r-release-windows-x86_64 1.0 9.00 46.00 55.00 OK
r-oldrel-macos-arm64 1.0 17.00 NOTE
r-oldrel-macos-x86_64 1.0 26.00 NOTE
r-oldrel-windows-ix86+x86_64 1.0 5.00 38.00 43.00 OK

Check Details

Version: 1.0
Check: data for non-ASCII characters
Result: NOTE
     Note: found 39 marked UTF-8 strings
Flavors: r-devel-linux-x86_64-fedora-clang, r-devel-linux-x86_64-fedora-gcc, r-release-macos-arm64, r-release-macos-x86_64, r-oldrel-macos-arm64, r-oldrel-macos-x86_64