CRAN Package Check Results for Package functional

Last updated on 2023-01-29 03:55:13 CET.

Flavor Version Tinstall Tcheck Ttotal Status Flags
r-devel-linux-x86_64-debian-clang 0.6 1.57 20.15 21.72 NOTE
r-devel-linux-x86_64-debian-gcc 0.6 1.37 15.97 17.34 NOTE
r-devel-linux-x86_64-fedora-clang 0.6 28.63 NOTE
r-devel-linux-x86_64-fedora-gcc 0.6 27.78 NOTE
r-devel-windows-x86_64 0.6 11.00 44.00 55.00 NOTE
r-patched-linux-x86_64 0.6 2.00 20.71 22.71 NOTE
r-release-linux-x86_64 0.6 1.85 21.00 22.85 NOTE
r-release-macos-arm64 0.6 16.00 NOTE
r-release-macos-x86_64 0.6 22.00 NOTE
r-release-windows-x86_64 0.6 6.00 42.00 48.00 NOTE
r-oldrel-macos-arm64 0.6 18.00 NOTE
r-oldrel-macos-x86_64 0.6 28.00 NOTE
r-oldrel-windows-ix86+x86_64 0.6 4.00 24.00 28.00 NOTE

Check Details

Version: 0.6
Check: DESCRIPTION meta-information
Result: NOTE
    Malformed Description field: should contain one or more complete sentences.
Flavors: r-devel-linux-x86_64-debian-clang, r-devel-linux-x86_64-debian-gcc, r-devel-linux-x86_64-fedora-clang, r-devel-linux-x86_64-fedora-gcc, r-devel-windows-x86_64, r-patched-linux-x86_64, r-release-linux-x86_64, r-release-macos-arm64, r-release-macos-x86_64, r-release-windows-x86_64, r-oldrel-macos-arm64, r-oldrel-macos-x86_64, r-oldrel-windows-ix86+x86_64